26. Suppose 36 - b = f. What is the remainder when f is divided by 14?
13
Let s(d) = 31*d**2 + 2*d. Calculate the remainder when s(-1) is divided by 15.
14
Let y = 27 + -13. What is the remainder when 68 is divided by y?
12
Let x = 88 + -51. What is the remainder when x is divided by 3?
1
Let c = -3 + 1. What is the remainder when 43/9 + c/(-9) is divided by (2/4)/1*4?
1
Let z = 9 + 4. Let r = -9 + 95. Suppose -r = 4*v - 238. What is the remainder when v is divided by z?
12
Suppose 0 = -13*x + 18*x - 100. Calculate the remainder when 37 is divided by x.
17
Suppose 5*r + y = -7, -r + 0*y - 8 = -2*y. Let v(t) = -3*t**3 + t**2 + 2*t + 2. Calculate the remainder when v(r) is divided by 9.
8
Let m = 232 + -181. Calculate the remainder when m is divided by 4.
3
What is the remainder when (10 + 2)*(-11)/(-2) is divided by 14?
10
Suppose 5*n - 293 = 2*j, -n + 28 + 29 = -2*j. Calculate the remainder when n is divided by 31.
28
Suppose 7*p - 20*p = -195. Calculate the remainder when 28 is divided by p.
13
Suppose -5*g = 2*i - 161, -277 = -2*i - 2*i + 5*g. Calculate the remainder when i is divided by 39.
34
Let o = -72 - -76. What is the remainder when o is divided by 0*2/6 + 2?
0
Suppose -4*b = r - 68, 0*b + b - 2*r = 26. What is the remainder when 161 is divided by b?
17
Suppose 5 = -5*q, -2*z + 3*q + 24 = 5. Calculate the remainder when z is divided by 3.
2
Suppose 3*q + 22 = 4*q. Calculate the remainder when 109 is divided by q.
21
Let z be 4/16 + (-1231)/(-4). Calculate the remainder when z/26 + (-22)/(-143) is divided by 3.
0
Let r(u) = 6*u**2 + 2*u + 2. Let z(i) = -i**2 - 1. Let s(m) = r(m) + 3*z(m). Suppose 68 - 12 = 2*l. Calculate the remainder when l is divided by s(2).
13
Suppose -20 = -3*g - 2*g. Suppose 4*u + 70 = 2*v, 105 = 3*v - 0*u + g*u. What is the remainder when 56 is divided by 1/5 + 658/v?
18
Let q(p) = -p**2 + 9*p - 11. Calculate the remainder when q(6) is divided by 3.
1
Let x(h) = -7*h + 2. Let l be ((-6)/(-4))/((-33)/44). Calculate the remainder when x(l) is divided by 6.
4
Let q be ((-3)/(-4))/(2/(-8)). Calculate the remainder when 36 is divided by 26/((18/(-3))/q).
10
Let u(c) = -15*c + 1. Let o = 7 - 6. Suppose -8 = 4*z, -4*z + 1 = -5*i - o. Calculate the remainder when u(i) is divided by 11.
9
Suppose -7*r = -11*r + 48. Calculate the remainder when r is divided by 2.
0
Suppose 3*o = 4*c + 2*o - 12, 0 = -c - o + 8. Calculate the remainder when 49 is divided by (25/c - 2)*4.
15
Let c = -3 + 1. Let d = c - -5. Suppose 0 = a + d - 11. Calculate the remainder when a is divided by 5.
3
Suppose -3*u + 3*g - 10 + 28 = 0, -2*u = 3*g - 7. Suppose -j - j - 2 = 0. What is the remainder when 3/((2/(-6))/j) is divided by u?
4
Let f(r) = r**3 - 12*r**2 - 15*r + 19. Let b be f(13). What is the remainder when 2/b - (-177)/7 is divided by 13?
12
Let p = -24 + 40. Calculate the remainder when 93 is divided by p.
13
Let l(i) = -i**3 - 3*i**2 + 7*i - 1. Let j be l(-5). Let k(b) = b**3 - 15*b**2 + 14*b + 8. What is the remainder when k(j) is divided by 3?
2
Suppose -6*d - 9*d = -300. Calculate the remainder when 77 is divided by d.
17
Let b be (1 - 1) + (-13)/(26/(-16)). Let r(d) = d + 4. Let q be r(0). Suppose 64 = q*l - b. Calculate the remainder when 35 is divided by l.
17
Let z = -75 - -138. What is the remainder when 375 is divided by z?
60
Suppose 249 = 4*m - k, m = -0*m + 3*k + 54. What is the remainder when m is divided by 16?
15
Let s = 42 + -11. What is the remainder when s is divided by 6/(-4)*(-66)/9?
9
Let f = -204 + 346. What is the remainder when f is divided by 29?
26
Suppose 0 = -j + 4*i + 4 + 18, -2*j + 3*i = -19. Let d = -7 + j. What is the remainder when 10 is divided by (-16)/(-5) - (-1)/d?
1
Let k(v) = -v**2 - 6*v + 4. Let o(t) be the second derivative of -t**4/12 - 4*t**3/3 + 5*t**2/2 + 2*t. Calculate the remainder when o(-6) is divided by k(-5).
8
What is the remainder when 16 is divided by (1 + -2)*20/(-4)?
1
Let r(j) = 10*j**3 - 5*j**2 + 6*j + 2. Let i(t) = -9*t**3 + 4*t**2 - 5*t - 2. Let n(f) = -6*i(f) - 5*r(f). Calculate the remainder when n(2) is divided by 10.
8
Let d = 14 + -3. Let n be -5*-2*(-1)/5. What is the remainder when -20*(n - 0 - -1) is divided by d?
9
Suppose 12*d = 10*d - 4*m - 4, -2*d + 6 = 2*m. Suppose -32 = -5*h + 3*t, -h - 2*h - 2*t + 4 = 0. What is the remainder when d is divided by h?
0
Let a(k) = -k**2 + 3*k + 1. Let t be a(2). Suppose t*j + 40 = 4*q - j, 3*q + 3*j - 42 = 0. Calculate the remainder when 17 is divided by (27/q - 0)*4.
8
Suppose -3*p + 13 = -2. Let l = p - 5. Suppose g + 0 - 16 = l. What is the remainder when g is divided by 6?
4
Let o(f) = 3*f + 1. Let s be o(1). Suppose 0 = -0*p - p + s. Calculate the remainder when p is divided by 3.
1
Let f = -10 - -7. Let d = 47 + -41. Let t = d + f. Calculate the remainder when t is divided by 3.
0
Let f(v) = v**3 + v**2 + 3*v - 2. Let x be f(-3). Let w = x - -40. Suppose -m = -3*i + i - 30, -m + i + 31 = 0. Calculate the remainder when m is divided by w.
10
Suppose o - 12 - 52 = -3*m, 0 = 5*m + 3*o - 104. Let i(s) = -s**3 - 3*s**2 + 2*s + 2. What is the remainder when i(-5) is divided by m?
20
Suppose 0 = 4*s - 2*d + d - 84, -d = 3*s - 70. Suppose -y = y + 4*v, 3*v - 20 = -4*y. What is the remainder when s is divided by y?
6
What is the remainder when (-6)/(-4)*(-18)/(-1) is divided by 10?
7
Let l(y) = -9*y - 4. Let x = 36 - 15. Calculate the remainder when l(-5) is divided by x.
20
Suppose 5*q - 4*q = 9. Suppose -7*n = -2*n - 20. Suppose 3*i = -5*w + 7*i + 130, -n*i = w - 26. Calculate the remainder when w is divided by q.
8
Let n = -8 + -5. Let j = 21 + n. Let o(y) = -y**2 - 10*y - 7. What is the remainder when o(-7) is divided by j?
6
Calculate the remainder when 30 is divided by (42/48 - (-1)/8)*16.
14
Calculate the remainder when (-1)/(-2)*-2 - -24 is divided by (4/(-8))/(1*2/(-32)).
7
Let q be 4/10 + 276/10. Suppose 0 = f + f. Suppose f*c + q = 2*c. What is the remainder when 27 is divided by c?
13
Suppose 3*l = 5*g - 238, l - 5 = 6*l. Calculate the remainder when g is divided by 12.
11
Suppose -d = 4*d - 625. Suppose 0 = -4*x + 124 + 4. What is the remainder when d is divided by x?
29
Suppose -1 = -4*k + 15. Let i = -10 - -25. Calculate the remainder when i is divided by k.
3
Calculate the remainder when 49 is divided by 174/10 - 10/25.
15
Calculate the remainder when 28 is divided by ((-3)/(-2))/(33/176).
4
Let r = 22 - 9. What is the remainder when ((-252)/(-35))/(6/20) is divided by r?
11
Let q(c) = 9*c**3 + c - 1. Let l = 21 - 9. Suppose -2*i + 20 = -l. Calculate the remainder when i is divided by q(1).
7
Suppose -17 = -4*r + 3*r - 3*f, 0 = -3*f - 3. Let u(h) = 8*h**2 + 2 - 3 + h + 1. What is the remainder when r is divided by u(-1)?
6
Suppose -34 = -4*s - h, -3*s + 14 = -2*h - 17. Let m(v) = -v**3 - 2*v**2 + 4. Calculate the remainder when s is divided by m(-2).
1
Suppose -3*l + 50 = -l. Calculate the remainder when 48 is divided by l.
23
Suppose -3*a + 24 = -6. Calculate the remainder when 58 is divided by a.
8
Let w be (6/2)/((-30)/(-20)). Suppose -4 = -w*s + s. What is the remainder when 6 is divided by s?
2
Let o(k) = k**3 - 8*k**2 + 4*k - 6. Calculate the remainder when o(8) is divided by 7.
5
Let o(n) = 2*n**3 - 5*n**2 + 6*n - 2. Let w(j) = j**3 - 2*j**2 - 3*j - 4. Calculate the remainder when w(4) is divided by o(2).
4
Let t = 31 - 17. Let h(i) = 2*i + 8. What is the remainder when t is divided by h(0)?
6
Suppose -3*v = 2*v - 140. Suppose 2*a - v = 16. What is the remainder when a is divided by (9/6)/((-1)/(-8))?
10
Let w be (11 + 4)*(-2)/(-6). Calculate the remainder when 27 is divided by ((-2)/w)/((-12)/300).
7
Let x be (-2 - 1) + -2 + 2. Calculate the remainder when (-2)/(-9) + 176/18 is divided by ((-32)/12)/(2/x).
2
Let a be 1*10*(-2)/(-4). Suppose 2*i = 3*m - 66, -m - m = -a*i - 33. Calculate the remainder when m is divided by 13.
11
Suppose -36 = -5*n + 4*n. Let x = n - 24. Calculate the remainder when 20 is divided by x.
8
What is the remainder when 837/18 + (-1)/(-2) is divided by 8?
7
Suppose -29 = 5*c - 139. Let x = c + -13. Calculate the remainder when x is divided by 4.
1
Let d(u) = u**3 - 4*u**2 + 4*u + 2. Let n be (-18)/(-2)*(-3)/(-9). Let f(t) = 4*t + 4. What is the remainder when d(5) is divided by f(n)